f (-4 + 0)/u + 13.
2, 3
Let k(p) = -p**2 + 9*p. Let f be k(5). Suppose f = -r + 3*r. Suppose 2*s + r = 3*s. What are the prime factors of s?
2, 5
Let i(y) = -y + 1. Let r(u) = -u - 5. Let v(s) = -s + 1. Let f(h) = -r(h) - 6*v(h). Let n(d) = f(d) + 6*i(d). What are the prime factors of n(6)?
11
What are the prime factors of (192/(-80))/((-4)/50)?
2, 3, 5
Let m = 7 - 5. Suppose m*z = -3*h + 9, 2*h + h = 5*z + 9. Suppose -3*d + 0*d + 18 = z. What are the prime factors of d?
2, 3
Let o(n) = n - 6. Let y be o(0). Let h(q) be the first derivative of q**2/2 + 14*q + 2. What are the prime factors of h(y)?
2
Let h be 4/(-4 - 0)*-4. Suppose 0 = 5*z - h*z - 17. List the prime factors of z.
17
Suppose -3*z - 5*k + 137 = -4*k, -z = -k - 39. What are the prime factors of z?
2, 11
Suppose 5*b - 54 = -y, 5*y - 60 = -b - 3*b. What are the prime factors of b?
2, 5
Let l(u) = 4 - 5 + 4*u + 2. What are the prime factors of l(1)?
5
List the prime factors of (-7)/(-4)*(15 + 101).
7, 29
Suppose 0 = 3*b - 0*b - 6. Suppose -b*q - 2*q = -16. List the prime factors of q.
2
Let n be 45/(-30)*20/(-3). Let f(u) = u**2 - 6*u - 12. What are the prime factors of f(n)?
2, 7
Suppose 0 = -3*i - 0*i + 90. What are the prime factors of i?
2, 3, 5
Suppose -g + 228 = 4*y - 5*g, -y = 3*g - 65. List the prime factors of y.
59
Let c(g) be the third derivative of -1/10*g**5 + 0*g + 1/8*g**4 - 1/120*g**6 + 0 - 5/3*g**3 + 4*g**2. List the prime factors of c(-7).
2, 3
What are the prime factors of 40/30*33/2?
2, 11
Let h = -12 + 17. Suppose -3*p - 40 = -5*y + 2*p, 0 = -4*y - h*p + 41. List the prime factors of y.
3
Let r(s) = -s - 5. Let u be r(-5). Suppose 4*d - d + 15 = u, -5*d = -i + 56. What are the prime factors of i?
31
Let w = 150 - 104. List the prime factors of w.
2, 23
Let y = 5 + 86. List the prime factors of y.
7, 13
Suppose 5*y - 8 = z + 72, 3*z + 15 = 0. List the prime factors of y.
3, 5
Let q(f) = f**2 - 6*f + 6. Let i be q(6). Let k(m) = -m**3 + 6*m**2. Let v be k(i). Suppose 10 = j - v*j. What are the prime factors of j?
2, 5
Suppose -4*g = 2*v - 8, 0 = -3*v + v + 2*g + 26. Let s(l) = l**2 - 3*l - 2. Let f be s(4). Suppose -x + f = -v. What are the prime factors of x?
2, 3
Let n = -2 + 7. Suppose n*f + u = 17, -u - u = -f - 1. List the prime factors of f.
3
Let n(k) = k**2 + k. Let z be n(-1). Suppose -r - 2*r + 42 = z. List the prime factors of r.
2, 7
Let a(g) = -g**3 + 9*g**2 - 9*g + 8. Suppose 3*d - 7*d = -32. Let w be a(d). Suppose 5*z + 5*k = -w*k + 45, -2*k - 4 = 0. What are the prime factors of z?
11
Let a = -1 - -5. Suppose a*i + 45 = -i. Let b = i - -14. What are the prime factors of b?
5
Suppose 2*a = 5*a + 3. Let n be (a - -3)*(-1 - -3). Suppose 2*i - 4*i - 2*d = -22, -68 = -3*i + n*d. What are the prime factors of i?
2
Suppose -5*m = 3*k - 155, 4*k - 230 = m + 4*m. Suppose -3*c = 2*c - k. List the prime factors of c.
11
Let n = 116 + -64. List the prime factors of n.
2, 13
Suppose 16 = -o + 2*l, -5*l + 5 = -0*l. Let a = -2 - o. What are the prime factors of a?
2, 3
List the prime factors of 62/1 + (-2)/(-1).
2
Suppose 0*n = n - 4. Suppose 0 = -5*j - 4*w + 2 + 8, -3*j + 6 = -n*w. Suppose 4*f - p - 14 = 0, -j*p + 3*p - 2 = 0. What are the prime factors of f?
2
What are the prime factors of (-4)/((0 - 3) + (-58)/(-20))?
2, 5
Let d be (-2)/(-9) - 158/(-18). Let p = d + 11. What are the prime factors of p?
2, 5
Suppose 44 = 6*n - 478. What are the prime factors of n?
3, 29
Suppose -4*q + 3*s = -510, 5*q + 2*s + 73 = 722. Let w be 1/4 + q/12. Suppose 2*p + 14 = 4*k, w = 5*k - 3*p - 7. What are the prime factors of k?
3
Suppose j - 4 = 2. What are the prime factors of -4*(2 - (j - 0))?
2
Suppose -x + 12 = -17. Suppose -o + x = -0*o. What are the prime factors of o?
29
Let o(q) be the second derivative of -q**3 - 3*q**2/2 + 3*q. What are the prime factors of o(-2)?
3
Let f(i) = 30*i**3 + 2*i - 1. List the prime factors of f(1).
31
Let s = 8 + -4. Suppose g - s = -0*g. Suppose -94 = -g*n - 38. List the prime factors of n.
2, 7
Suppose -i + 5*f = -7 + 28, -i = -4*f + 16. Suppose i*q + 8 = -8. What are the prime factors of 2*1*(-3 - q)?
2
Let o(u) = 0 + 6*u - 2 - 7*u. What are the prime factors of o(-5)?
3
Let f(o) = o**3 + 2*o**2 + 2. Let k be f(-2). Let g be -2 + (3 - (-38)/k). Let j = g - 12. List the prime factors of j.
2
Suppose -15 + 9 = -2*s. List the prime factors of s.
3
Suppose 0 = 5*w + 5*q - 675, 3*w + 240 = 5*w - 4*q. Suppose -5*z = -4*s - w, -2*z + 19 = s + 4*s. What are the prime factors of z?
2, 11
Suppose -2*g - 6 = -5*g. List the prime factors of g.
2
Let w be 39/12 - (-3)/(-12). Suppose -w*h = 2*h - 35. Suppose h*q - 35 = 2*q. List the prime factors of q.
7
List the prime factors of -1 - (-3)/5 - 512/(-5).
2, 3, 17
What are the prime factors of (-1 + 0)*(-182)/13?
2, 7
Let s = 3 + 7. Suppose -5*y + 22 = -4*f, -4*f + s = 2*y - 10. List the prime factors of y.
2, 3
Suppose 3*u - 5*z = 18, 2*z - z = 2*u - 19. Let g = -5 + u. What are the prime factors of (-46)/(-6) + (-4)/g?
7
Let k(s) = -s**3 - 5*s**2 - 6*s + 2. List the prime factors of k(-8).
2, 11
Let l(y) = -5*y - 1. Let b(u) = u**2 - 3*u - 5. Let p be b(4). Let g be l(p). List the prime factors of (11/4)/(1/g).
11
Let g(z) = 5*z - 7. What are the prime factors of g(2)?
3
Let y(b) = 0 + 2*b - 5 - 4. Let x be y(7). List the prime factors of 8/(-5)*x/(-2).
2
Suppose 407 = -7*s + 1618. List the prime factors of s.
173
Suppose -91*s + 296 = -87*s. List the prime factors of s.
2, 37
Let w(v) = -v**3 + v**2 - 1. Let m be w(0). Suppose -2*f = -4*f + 20. Let p = f - m. What are the prime factors of p?
11
Let r(k) = -k**3 - k**2 - k + 1. Let w(q) = 2*q**3 - 4*q**2 - 2*q - 5. Let d(p) = -3*r(p) - w(p). What are the prime factors of d(-6)?
2
Let r(h) = h + 3. Let t be r(-3). Suppose -w + 5*w + 16 = t. What are the prime factors of 1/w + 87/12?
7
Suppose 0 = -5*q - 15, u - 4 = 5*q + 3. Let p be -2 + (2 + -2 - u). Let r = 0 + p. List the prime factors of r.
2, 3
Suppose -92 = -2*d - g, -5*g = -2*d - 3*d + 245. What are the prime factors of d?
47
Suppose 3*g = -4*l + 10, -l + 4 = 2*g - 6. List the prime factors of g + (2 - 2)/1.
2, 3
Let x(q) = -q - 1. Let a be x(3). Let k be 1/a + 506/8. Suppose -7 + k = 4*z. List the prime factors of z.
2, 7
Suppose a + 256 - 12 = 4*q, -5*a = 5*q - 305. List the prime factors of q.
61
Let n = -67 - -7. What are the prime factors of (n/16)/(4/(-16))?
3, 5
What are the prime factors of (45 - 15)/(2/6)?
2, 3, 5
Let g be (-1)/(0 + (-1)/(-4)). Let d(t) = -8*t**2 + 4*t + 5. Let l(k) = -3*k**2 + k + 2. Let y(h) = g*d(h) + 11*l(h). What are the prime factors of y(-4)?
2, 3
Let k = -30 + 76. What are the prime factors of k?
2, 23
Let f = -10 + 57. What are the prime factors of f?
47
Suppose -29*l = -24*l - 1380. What are the prime factors of l?
2, 3, 23
Suppose -2*g - 4*o = -220, 5*g + 4*o + 214 - 752 = 0. What are the prime factors of g?
2, 53
Suppose -6 = 2*x - 22. Suppose 4*k + 8 = 2*h, -5*h + x*k - 3*k = 5. List the prime factors of (h/(-10))/((-6)/(-90)).
3
Let k = 0 + -5. Let c = k - -12. Suppose -c*j + 12 = -6*j. List the prime factors of j.
2, 3
Suppose 0 = a + 2, -43 = 5*m + 5*a - 13. List the prime factors of (-22)/m - 1/2.
5
Suppose 0 = n - 45 - 19. List the prime factors of n.
2
Suppose 9*q - 14*q = -515. What are the prime factors of q?
103
Suppose 4*w = -w - 25. Let h(s) = -2*s - 2. What are the prime factors of h(w)?
2
Let o(r) = r**3 - 5*r**2 + 4. Let h be o(5). Let f(q) = q**2 - 3*q - 2. Let i be f(h). Let l = 1 + i. List the prime factors of l.
3
What are the prime factors of ((-33)/22)/(6/(-28))?
7
Let k(a) = 6 - 4 - 4*a**2 + 5*a**2 + 3*a**2 - 4*a. Suppose 4*f - 8 = 0, 12 - 2 = 4*z + f. What are the prime factors of k(z)?
2, 5
Suppose -11*w + 355 + 1438 = 0. What are the prime factors of w?
163
Let d be (-9 - -4)/((-4)/4). Suppose -q - 5*n + 42 = 0, 2*n = d*q - 2*n - 239. What are the prime factors of q?
47
Suppose -7*n = -2*n - 180. Let g be (2 - 7)*n/(-10). Let i = g - 12. List the prime factors of i.
2, 3
Let b be 248/5 + 8/20. Suppose -4*n + l = -l - 210, -b = -n + l. List the prime factors of n.
5, 11
Suppose -3 = -5*o + 3*m, -6*m - 5 = -2*o - m. Suppose 0 = 4*s - q, -2*s - q + 3*q = o. Suppose s = 4*w - 26 - 42. List the prime factors of w.
17
Let s be 0*-3*